t of s(1)?
4
Let v be 1/(-2) + 250/20. Suppose -5*k + y - 3*y + 188 = 0, -3*y + v = 0. Suppose -k = 5*o - 221. What is the units digit of o?
7
Suppose -8*c + 1804 = 276. What is the units digit of c?
1
Suppose 3*h + 11 = 2*b, 5*b = -7 - 3. Let a(w) be the second derivative of -4*w**3/3 - 6*w**2 + 29*w. What is the tens digit of a(h)?
2
Let b(k) = k**2 - 15*k - 17. Let y be b(16). Let o be -2*y/2 - 5. What is the units digit of o*9/(-12) + 30?
3
Suppose o = -5*a + 5*o + 988, -o = 3*a - 603. What is the hundreds digit of a?
2
Let j = 28 - 20. Suppose 102 = x - j. What is the hundreds digit of x?
1
Let y be (2/6)/(3/477). Let w = y + 0. What is the units digit of w?
3
Suppose -45 = -3*y - 3. Suppose -4*v + 5*a - 87 = -y, -a + 52 = -3*v. Let l = -12 - v. What is the units digit of l?
5
Suppose 12*d + 190 - 10834 = 0. What is the units digit of d?
7
Let z be (-44)/(-10)*5/2. Suppose 0 = -3*w + z + 25. What is the tens digit of w?
1
Let g be (54/4)/((-6)/(-8)). Let o be g/4*4/(-6). What is the units digit of (-3)/((-9)/(-23))*o?
3
Let b(f) = f**2 - 5*f - 8. Let r be b(6). Suppose 3*d + 1015 = -67*z + 71*z, -z = -3*d - 1030. What is the tens digit of r/4 + d/(-10)?
3
Let n = 676 - -181. What is the hundreds digit of n?
8
Let c(a) = 25*a**2 + 2. Let v be (-4)/14*(7 + -14). Let o be c(v). Let s = -61 + o. What is the tens digit of s?
4
Let u be 790/(-16) + 48/128. Let s = u + 132. What is the units digit of s?
3
Suppose -2*k + 2*g = -5*k - 86, 5*k + g + 134 = 0. Let j be 1/(-3) - k/6. Suppose -8*w = j*n - 4*w - 96, -3*n - 5*w = -62. What is the units digit of n?
9
Suppose 2*i - 3*b = 13, -5*i - 2*b = -2*i. Let c(q) = 15*q - i*q**2 + 4 + q**2 - 29*q. What is the tens digit of c(-6)?
5
Let b(m) = -30*m + 5*m + 2 + 2 + 0. What is the tens digit of b(-3)?
7
Suppose 96 + 93 = 3*t. Suppose -32*x + 39*x = 1967. What is the tens digit of x/9 - 14/t?
3
Suppose -5*o = 4*n - 38 + 253, -2*o = 2*n + 108. Let h = n - -376. What is the hundreds digit of h?
3
Let c = 4 + 1. Let d = -5 + c. What is the units digit of 22 + (-1 + d)*0?
2
Suppose -16*m = -20*m - 12. Let x = 10 + m. What is the units digit of x?
7
Let i(w) be the third derivative of w**5/60 - 5*w**4/24 + 7*w**3/3 + 22*w**2. What is the units digit of i(12)?
8
Suppose 2*b + 632 = 11*f - 8*f, 2*f - 408 = 4*b. What is the hundreds digit of f?
2
Suppose -15*f - 17*f + 39712 = 0. What is the thousands digit of f?
1
Let o = 30 + -7. Let m(x) = x**3 - 10*x**2 - 13*x + 18. Let t be m(11). Let a = o - t. What is the tens digit of a?
2
Let q(y) = y + 31. Suppose 0 = -3*d - i - 3*i - 8, i = -2. What is the tens digit of q(d)?
3
Let b = 123 + -68. Let g = b + 32. What is the units digit of g?
7
Let a = -325 - -830. What is the hundreds digit of a?
5
Let w = 2 - 2. Suppose 5*z + 4*x = 45, -3*z - 10 = -x - 37. Suppose w*y - y - 4*h + 9 = 0, -y + z = -2*h. What is the units digit of y?
9
Suppose -5*l = -2*t + 103 - 17, 4*l - t + 67 = 0. Let o be 2/(2*(-4)/l). Suppose -v + 33 = o*b, -2*v + 35 = -v + 5*b. What is the tens digit of v?
2
Let a be -2*2/4 + -6. Let z(b) = b**3 + 9*b**2 + 6*b + 17. What is the tens digit of z(a)?
7
Let f be (-1 + -364)/(3 + (-20)/5). Suppose 0 = -5*l + 375 + f. What is the hundreds digit of l?
1
Suppose 0 = 47*j - 50*j + 4788. What is the thousands digit of j?
1
Let p = 3325 + -1764. What is the thousands digit of p?
1
Let k(j) = j**2 + 4*j + 3. Let t be k(-3). Suppose t = -3*u - 4*w + 166, 0*w = 4*u - 2*w - 236. What is the units digit of u?
8
Suppose -2 = -5*q - 7. Let r be 1/((-12)/15 - q). Suppose 0 = -3*n + 5*l + 118, 4*n - r*l = -0*n + 149. What is the tens digit of n?
3
Suppose 3 = 10*s - 13*s. Let o be s/((-4)/(-16)) - -4. Suppose -u + o*u = -9. What is the units digit of u?
9
Let m be ((-66)/(-11))/(2 - (-25)/(-12)). What is the units digit of (724/6)/(m/(-108))?
1
Let h(z) = z + 1. Let j(r) = 5*r + 4. Let t(u) = -4*h(u) + j(u). What is the units digit of t(4)?
4
Let x = -32 - -58. What is the tens digit of x?
2
Suppose -2*j - 4*l - 8 = 0, -5*j + l + 4 = -l. Suppose j = 4*r - 6*r + 46. What is the tens digit of r?
2
Let f = 12 + 30. Suppose -4*n + f = -2*n - s, 0 = -n - 5*s + 21. What is the units digit of n?
1
Let n(k) = 39*k. What is the hundreds digit of n(8)?
3
Suppose -5*z = -3*j - 3*z + 7, 3*z + 8 = 4*j. Suppose -10 = j*q, 165 = v + 2*v + 3*q. What is the units digit of v?
7
Let q = 37 - 120. Let w = -30 - q. What is the tens digit of w?
5
Let i = 31 - 31. Suppose i = -2*d + 179 + 9. What is the units digit of d?
4
What is the hundreds digit of 50503/13 - -15 - 4/(-26)?
9
Suppose 6 + 7 = 4*d - l, 0 = 4*d + l - 19. Suppose -2*t - 178 = -2*f, d*t + 176 = 2*f + 3*t. What is the units digit of f?
7
Let h(a) = -205*a - 326. What is the thousands digit of h(-7)?
1
Suppose -25*n + 12553 = -20*n - 3*u, -2*n = u - 5019. What is the tens digit of n?
1
Suppose -h + 85 = -199. What is the hundreds digit of h?
2
Let n = 23 - 23. Suppose 4*w - 4 = n, 5*r + w - 485 = 6*w. What is the tens digit of r?
9
Let t(k) = -k**3 + 10*k**2 - 10*k - 4. Let w be t(8). What is the tens digit of (-7 + w)/(1/2) + -1?
7
Let c = -8 - -17. Let x(y) = y**2 + 3*y + 0*y**2 + 8 - 12*y. What is the units digit of x(c)?
8
What is the hundreds digit of 1 - (-35*9)/1?
3
Let y be 1/((-12)/6*(-2)/24). Suppose 160 = 4*k + m, m = y - 2. What is the units digit of k?
9
Suppose -49 = 4*s - 21. Let c(a) = -a - 10. Let u be c(s). What is the tens digit of (-5 - u) + 53 + -3?
4
Let v(r) = 2*r - 4. Let c be v(3). Let f(y) = 33*y**3 - 27*y**3 - 2*y**c + 5*y - 4*y. What is the units digit of f(1)?
5
What is the hundreds digit of 5 - -10*9273/22?
2
Let r be 1/(-1 + 32/34). Let v = 0 - r. What is the tens digit of v?
1
Let w = 197 + -266. Let x be (1*2)/(8/(-388)). Let g = w - x. What is the tens digit of g?
2
What is the units digit of 382/12 - (-25)/150?
2
Let o = -9 - 67. Let t = o - -102. What is the tens digit of t?
2
Suppose 558 = v + 198. What is the units digit of v?
0
Let w(j) = 10*j**2 + 14*j + 9. What is the tens digit of w(-9)?
9
Let p = 1 + -1. Suppose d - 64 + 2 = p. Suppose -2*w + d = 4*a - 0*w, a - 3*w = 19. What is the tens digit of a?
1
Let h(l) be the second derivative of l**4/12 - 5*l**3/2 + 15*l**2/2 - 8*l. Let p be h(14). Suppose -a = -4 - p. What is the units digit of a?
5
Let n(b) = 4*b + 44. Let z be n(18). Let i = -75 + z. What is the units digit of i?
1
Let d(t) = -24*t**2 + 14*t + 15. Let m(r) = -5*r**2 + 3*r + 3. Let c(u) = 2*d(u) - 11*m(u). What is the tens digit of c(-2)?
3
Let g = 1755 + -1142. What is the units digit of g?
3
Let c = 0 + 2. Suppose -3*n - 5*k + 24 = 0, k = -c*n - 2 + 11. Suppose -n*r = -6*r + a + 90, 3*a = -5*r + 150. What is the units digit of r?
0
Let c = -2 - -2. Let p be 1108/36 + -2 + (-4)/(-18). Let w = p + c. What is the tens digit of w?
2
Suppose 434 - 74 = 15*r. Suppose -15*x + r = -9*x. What is the units digit of x?
4
Suppose 155486 = 72*m - 51442. What is the units digit of m?
4
Let r(t) = 13*t + 15. Let d be r(-7). Let y be 2/(-6) + d/(-12). Let m = y + -2. What is the units digit of m?
4
Suppose 2*q = 864 - 24. What is the hundreds digit of q?
4
Suppose 0 = 2*k - 5*l + 2 - 5, -5*k + 2*l + 60 = 0. What is the units digit of k?
4
Let c be 3/2*(4 + -2). Suppose a - 2 = c, 5*k + 2*a - 65 = 0. Suppose u = m + 33, 5*u + m + k - 164 = 0. What is the tens digit of u?
3
Let o = 30 + -26. Suppose -o*r - f = -182 - 387, -3*r + 4*f + 441 = 0. Suppose r = 5*u - 4*g, -2*u + 3*g - 2*g = -59. What is the tens digit of u?
3
Let y = -1550 + 2513. Suppose 5*t - 297 = 4*a + y, a = 0. What is the units digit of t?
2
Let r = -7052 + 10230. What is the hundreds digit of r?
1
Let v(y) = 311*y**2 + 1. What is the tens digit of v(-1)?
1
Let y = 1 + 1. Let f(q) = 2 - 3 + 6*q**2 - 10*q**2 - q - q**3 - y. What is the tens digit of f(-5)?
2
Suppose 2*y - 4 = 4*y, 2*l - 2*y - 26 = 0. What is the units digit of l?
1
Let o be (-1 - -3)/(2/155). Let k = o - 98. Suppose g - k = t + t, 5*g - 3*t - 264 = 0. What is the units digit of g?
1
Let g(b) = 318*b + 52. What is the thousands digit of g(3)?
1
Let v(j) = -j**3 + 6*j - 7*j**2 - 3 - 6 + 5*j - 12*j. Let g be v(-7). What is the units digit of g + 3 - -1 - -43?
5
Let s(z) = -50*z + 27. Let x be s(-9). Suppose -5*k - 2*f = -x, -6*k = -k - 3*f - 472. What 